6
Calculate the remainder when 391020 is divided by 16998.
66
Calculate the remainder when 10311434 is divided by 21.
14
What is the remainder when 505605 is divided by 501584?
4021
Calculate the remainder when 362967 is divided by 502.
21
What is the remainder when 238559 is divided by 119268?
23
Calculate the remainder when 3753664 is divided by 371.
257
Calculate the remainder when 404038 is divided by 3338.
140
What is the remainder when 47890 is divided by 1350?
640
Calculate the remainder when 422977 is divided by 358.
179
What is the remainder when 44038 is divided by 1434?
1018
What is the remainder when 1334683 is divided by 266884?
263
Calculate the remainder when 4867674 is divided by 1622538.
60
What is the remainder when 620112 is divided by 112?
80
Calculate the remainder when 7433022 is divided by 3716510.
2
Calculate the remainder when 2195862 is divided by 88.
86
What is the remainder when 753130 is divided by 6437?
1
Calculate the remainder when 532992197 is divided by 6760.
6757
What is the remainder when 447152 is divided by 8?
0
What is the remainder when 990010 is divided by 329998?
16
What is the remainder when 21796 is divided by 6989?
829
What is the remainder when 9171886 is divided by 1528644?
22
What is the remainder when 4665203 is divided by 141369?
26
What is the remainder when 3813380 is divided by 129?
11
Calculate the remainder when 15875943 is divided by 817.
816
What is the remainder when 18185592 is divided by 24?
0
What is the remainder when 5354647 is divided by 24120?
7
What is the remainder when 139036 is divided by 34206?
2212
Calculate the remainder when 7684671 is divided by 99800.
71
What is the remainder when 325029 is divided by 143?
133
What is the remainder when 183074 is divided by 61012?
38
What is the remainder when 811094 is divided by 185?
54
Calculate the remainder when 52718 is divided by 4374.
230
What is the remainder when 285946 is divided by 2123?
1464
What is the remainder when 66484 is divided by 33011?
462
What is the remainder when 25275982 is divided by 16?
14
What is the remainder when 12268047 is divided by 2722?
2715
Calculate the remainder when 1452503 is divided by 121017.
299
Calculate the remainder when 23654850 is divided by 3207.
18
What is the remainder when 69576189 is divided by 63?
60
What is the remainder when 15276267 is divided by 90930?
27
What is the remainder when 1875208 is divided by 374933?
543
Calculate the remainder when 100075 is divided by 49575.
925
What is the remainder when 182415 is divided by 7925?
140
Calculate the remainder when 876784 is divided by 437309.
2166
What is the remainder when 4707202 is divided by 1476?
238
Calculate the remainder when 18474 is divided by 1310.
134
Calculate the remainder when 130193 is divided by 3676.
1533
What is the remainder when 3657178 is divided by 60?
58
What is the remainder when 9007462 is divided by 1339?
9
What is the remainder when 246680 is divided by 1395?
1160
What is the remainder when 79046756 is divided by 3436815?
11
What is the remainder when 894432 is divided by 786?
750
What is the remainder when 178070 is divided by 723?
212
What is the remainder when 3108870 is divided by 551?
128
What is the remainder when 638138 is divided by 23?
3
Calculate the remainder when 2033881 is divided by 1016940.
1
Calculate the remainder when 75714403 is divided by 154.
149
What is the remainder when 1560210 is divided by 67823?
281
Calculate the remainder when 24585 is divided by 12232.
121
Calculate the remainder when 10843815 is divided by 80321.
480
What is the remainder when 37447756 is divided by 5314?
5312
Calculate the remainder when 268784 is divided by 1381.
870
Calculate the remainder when 1574718 is divided by 1574708.
10
Calculate the remainder when 689813 is divided by 53055.
98
What is the remainder when 85640 is divided by 965?
720
What is the remainder when 516342 is divided by 54?
48
What is the remainder when 44489 is divided by 3183?
3110
Calculate the remainder when 559201 is divided by 13639.
2
Calculate the remainder when 3416538 is divided by 244038.
6
Calculate the remainder when 392314224 is divided by 99.
93
What is the remainder when 4954115 is divided by 990815?
40
What is the remainder when 4911173 is divided by 1179?
638
Calculate the remainder when 461444 is divided by 437.
409
What is the remainder when 5599 is divided by 933?
1
What is the remainder when 42126 is divided by 3081?
2073
What is the remainder when 398551 is divided by 1294?
1293
What is the remainder when 2324690 is divided by 7647?
2
Calculate the remainder when 75190 is divided by 1406.
672
What is the remainder when 54965 is divided by 3618?
695
What is the remainder when 770248 is divided by 110032?
24
What is the remainder when 1136996 is divided by 1682?
1646
Calculate the remainder when 7807123 is divided by 1301185.
13
Calculate the remainder when 1611690 is divided by 1693.
1647
Calculate the remainder when 528155 is divided by 506.
397
Calculate the remainder when 1172680 is divided by 977.
280
Calculate the remainder when 16754221 is divided by 264.
253
Calculate the remainder when 22791 is divided by 3775.
141
Calculate the remainder when 382816 is divided by 75174.
6946
What is the remainder when 139983 is divided by 69906?
171
What is the remainder when 64377 is divided by 1880?
457
Calculate the remainder when 48867715 is divided by 108.
91
Calculate the remainder when 1216524 is divided by 923.
10
What is the remainder when 110337 is divided by 5476?
817
What is the remainder when 31808998 is divided by 600?
598
Calculate the remainder when 3774269 is divided by 127.
83
Calculate the remainder when 711718537 is divided by 21.
19
What is the remainder when 6922197 is divided by 74432?
21
What is the remainder when 6775131 is divided by 4216?
19
Calculate the remainder when 176877 is divided by 473.
448
Calculate the remainder when 1960307 is divided by 3950.
1107
Calculate the remainder when 66023 is divided by 315.
188
What is the remainder when 3486806 is divided by 104?
102
What is the remainder when 1637412 is divided by 818648?
116
What is the remainder when 3982848 is divided by 9?
6
What is the remainder when 2632330 is divided by 4151?
596
What is the remainder when 160763 is divided by 285?
23
What is the remainder when 2733533 is divided by 21?
5
Calculate the remainder when 5783931 is divided by 377.
374
Calculate the remainder when 3042636 is divided by 885.
6
What is the remainder when 228659848 is divided by 2466?
2464
Calculate the remainder when 1471556 is divided by 1756.
28
Calculate the remainder when 54778 is divided by 2831.
989
What is the remainder when 3184377 is divided by 74054?
55
What is the remainder when 5430437 is divided by 51?
8
What is the remainder when 126288 is divided by 10520?
48
Calculate the remainder when 575928 is divided by 143854.
512
What is the remainder when 1079068 is divided by 1002?
916
What is the remainder when 1818371 is divided by 1541?
1532
What is the remainder when 49139250 is divided by 54?
6
What is the remainder when 1837984 is divided by 4505?
4449
Calculate the remainder when 158540661 is divided by 35.
6
What is the remainder when 4675 is divided by 4581?
94
Calculate the remainder when 439405 is divided by 439056.
349
What is the remainder when 4962131 is divided by 4962090?
41
What is the remainder when 20323 is divided by 6326?
1345
What is the remainder when 431273 is divided by 86201?
268
Calculate the remainder when 2750053 is divided by 229.
221
Calculate the remainder when 2417329 is divided by 945.
19
What is the remainder when 871174 is divided by 228?
214
What is the remainder when 59881 is divided by 9976?
25
Calculate the remainder when 3667510 is divided by 151.
22
Calculate the remainder when 1299119 is divided by 30.
29
Calculate the remainder when 186142 is divided by 3875.
142
What is the remainder when 17895223 is divided by 344?
343
What is the remainder when 4405930 is divided by 122380?
250
Calculate the remainder when 82856388 is divided by 176.
164
Calculate the remainder when 509811 is divided by 631.
594
Calculate the remainder when 601872 is divided by 67.
11
Calculate the remainder when 609656 is divided 